{"id":9,"date":"2010-03-14T13:44:40","date_gmt":"2010-03-14T13:44:40","guid":{"rendered":"http:\/\/fontenillesvtt.fr\/wp\/?page_id=9"},"modified":"2018-12-15T12:08:45","modified_gmt":"2018-12-15T11:08:45","slug":"cots-gasconnes","status":"publish","type":"page","link":"https:\/\/fontenilles-vtt.fr\/wp\/?page_id=9","title":{"rendered":"Cotes Gasconnes"},"content":{"rendered":"<p>Depuis 2004 le club organise une randonn\u00e9e VTT devenue au fil des \u00e9ditions un rendez-vous incontournable en Haute-Garonne.<br \/>\nChaque ann\u00e9e, les circuits sont renouvel\u00e9s autour de Fontenilles. Au fil des \u00e9ditions, vous avez ainsi roul\u00e9 vers Sainte-Foy-de-Peyrolieres, Endoufielle, vers le Castera, mais \u00e9galement autour de Bonrepos et Saint-Thomas.<\/p>\n<p>Chaque \u00e9dition propose plusieurs distances, allant de 20km jusqu&rsquo;aux circuits raid de 45 ou 60km, ce qui permet \u00e0 chacun de trouver un circuit \u00e0 la mesure de sa forme ou des ses ambitions. Nous n&rsquo;oublions pas non plus les enfants, qui trouvent aussi leur bonheur avec une rando accompagn\u00e9e.<\/p>\n<div>\n<p>Nous proposons \u00e9galement avec l&rsquo;association \u00ab\u00a0Courir \u00e0 Fontenilles\u00a0\u00bb un circuit p\u00e9destre \u00e0 faire en marchant ou en courant (<strong>Trail<\/strong>), ce qui permet aux accompagnants non VTTistes de profiter de la matin\u00e9e pour d\u00e9couvrir les alentours de Fontenilles.<\/p>\n<p>Vous avez aussi la possibilit\u00e9 de faire un <strong>v\u00e9tathlon<\/strong> permettant de cumuler VTT et course \u00e0 pied.<\/p>\n<p>Enfin, depuis toujours notre rando est r\u00e9put\u00e9e pour ses fameuses <strong>cr\u00eapes<\/strong> propos\u00e9es lors de copieux ravitaillements.<\/p>\n<\/div>\n<p>Notre organisation, bien rod\u00e9e au fil des ann\u00e9es, permet de passer un agr\u00e9able moment en bonne compagnie, chaque \u00e9dition se terminant par un tirage au sort de lots, apr\u00e8s avoir go\u00fbt\u00e9 \u00e0 une saucisse grill\u00e9e accompagn\u00e9e d&rsquo;une bonne bi\u00e8re pression.<\/p>\n\n","protected":false},"excerpt":{"rendered":"<p>Depuis 2004 le club organise une randonn\u00e9e VTT devenue au fil des \u00e9ditions un rendez-vous incontournable en Haute-Garonne. Chaque ann\u00e9e, les circuits sont renouvel\u00e9s autour de Fontenilles. Au fil des&#8230; <\/p>\n<div class=\"read-more\"><a href=\"https:\/\/fontenilles-vtt.fr\/wp\/?page_id=9\">Lire la suite<\/a><\/div>\n","protected":false},"author":1,"featured_media":0,"parent":0,"menu_order":0,"comment_status":"closed","ping_status":"closed","template":"","meta":{"om_disable_all_campaigns":false,"_monsterinsights_skip_tracking":false,"_monsterinsights_sitenote_active":false,"_monsterinsights_sitenote_note":"","_monsterinsights_sitenote_category":0,"ngg_post_thumbnail":0,"jetpack_post_was_ever_published":false,"footnotes":""},"aioseo_notices":[],"jetpack_sharing_enabled":true,"jetpack_shortlink":"https:\/\/wp.me\/P9SYmx-9","jetpack-related-posts":[],"post_mailing_queue_ids":[],"_links":{"self":[{"href":"https:\/\/fontenilles-vtt.fr\/wp\/index.php?rest_route=\/wp\/v2\/pages\/9"}],"collection":[{"href":"https:\/\/fontenilles-vtt.fr\/wp\/index.php?rest_route=\/wp\/v2\/pages"}],"about":[{"href":"https:\/\/fontenilles-vtt.fr\/wp\/index.php?rest_route=\/wp\/v2\/types\/page"}],"author":[{"embeddable":true,"href":"https:\/\/fontenilles-vtt.fr\/wp\/index.php?rest_route=\/wp\/v2\/users\/1"}],"replies":[{"embeddable":true,"href":"https:\/\/fontenilles-vtt.fr\/wp\/index.php?rest_route=%2Fwp%2Fv2%2Fcomments&post=9"}],"version-history":[{"count":13,"href":"https:\/\/fontenilles-vtt.fr\/wp\/index.php?rest_route=\/wp\/v2\/pages\/9\/revisions"}],"predecessor-version":[{"id":3292,"href":"https:\/\/fontenilles-vtt.fr\/wp\/index.php?rest_route=\/wp\/v2\/pages\/9\/revisions\/3292"}],"wp:attachment":[{"href":"https:\/\/fontenilles-vtt.fr\/wp\/index.php?rest_route=%2Fwp%2Fv2%2Fmedia&parent=9"}],"curies":[{"name":"wp","href":"https:\/\/api.w.org\/{rel}","templated":true}]}}

<p>Depuis 2004 le club organise une randonnée VTT devenue au fil des éditions un rendez-vous incontournable en Haute-Garonne.<br />
Chaque année, les circuits sont renouvelés autour de Fontenilles. Au fil des éditions, vous avez ainsi roulé vers Sainte-Foy-de-Peyrolieres, Endoufielle, vers le Castera, mais également autour de Bonrepos et Saint-Thomas.</p>
<p>Chaque édition propose plusieurs distances, allant de 20km jusqu&rsquo;aux circuits raid de 45 ou 60km, ce qui permet à chacun de trouver un circuit à la mesure de sa forme ou des ses ambitions. Nous n&rsquo;oublions pas non plus les enfants, qui trouvent aussi leur bonheur avec une rando accompagnée.</p>
<div>
<p>Nous proposons également avec l&rsquo;association « Courir à Fontenilles » un circuit pédestre à faire en marchant ou en courant (<strong>Trail</strong>), ce qui permet aux accompagnants non VTTistes de profiter de la matinée pour découvrir les alentours de Fontenilles.</p>
<p>Vous avez aussi la possibilité de faire un <strong>vétathlon</strong> permettant de cumuler VTT et course à pied.</p>
<p>Enfin, depuis toujours notre rando est réputée pour ses fameuses <strong>crêpes</strong> proposées lors de copieux ravitaillements.</p>
</div>
<p>Notre organisation, bien rodée au fil des années, permet de passer un agréable moment en bonne compagnie, chaque édition se terminant par un tirage au sort de lots, après avoir goûté à une saucisse grillée accompagnée d&rsquo;une bonne bière pression.</p>

<p>Depuis 2004 le club organise une randonnée VTT devenue au fil des éditions un rendez-vous incontournable en Haute-Garonne. Chaque année, les circuits sont renouvelés autour de Fontenilles. Au fil des&#8230; </p>
<div class="read-more"><a href="https://fontenilles-vtt.fr/wp/?page_id=9">Lire la suite</a></div>
