{"id":3825,"date":"2018-12-20T15:27:28","date_gmt":"2018-12-20T14:27:28","guid":{"rendered":"https:\/\/fontenilles-vtt.fr\/wp\/?post_type=tribe_events&#038;p=3825"},"modified":"2018-12-20T15:28:25","modified_gmt":"2018-12-20T14:28:25","slug":"15ieme-cotes-gasconnes","status":"publish","type":"tribe_events","link":"https:\/\/fontenilles-vtt.fr\/wp\/?tribe_events=15ieme-cotes-gasconnes","title":{"rendered":"15i\u00e8me C\u00f4tes Gasconnes"},"content":{"rendered":"<p>Plus d&rsquo;infos \u00e0 venir<\/p>\n","protected":false},"excerpt":{"rendered":"<p>Plus d&rsquo;infos \u00e0 venir<\/p>\n","protected":false},"author":1,"featured_media":0,"comment_status":"open","ping_status":"closed","template":"","meta":{"om_disable_all_campaigns":false,"_monsterinsights_skip_tracking":false,"_monsterinsights_sitenote_active":false,"_monsterinsights_sitenote_note":"","_monsterinsights_sitenote_category":0,"ngg_post_thumbnail":0,"jetpack_post_was_ever_published":false,"_tribe_events_status":"","_tribe_events_status_reason":"","footnotes":""},"tags":[],"tribe_events_cat":[],"aioseo_notices":[],"jetpack_sharing_enabled":true,"post_mailing_queue_ids":[],"_links":{"self":[{"href":"https:\/\/fontenilles-vtt.fr\/wp\/index.php?rest_route=\/wp\/v2\/tribe_events\/3825"}],"collection":[{"href":"https:\/\/fontenilles-vtt.fr\/wp\/index.php?rest_route=\/wp\/v2\/tribe_events"}],"about":[{"href":"https:\/\/fontenilles-vtt.fr\/wp\/index.php?rest_route=\/wp\/v2\/types\/tribe_events"}],"author":[{"embeddable":true,"href":"https:\/\/fontenilles-vtt.fr\/wp\/index.php?rest_route=\/wp\/v2\/users\/1"}],"replies":[{"embeddable":true,"href":"https:\/\/fontenilles-vtt.fr\/wp\/index.php?rest_route=%2Fwp%2Fv2%2Fcomments&post=3825"}],"version-history":[{"count":1,"href":"https:\/\/fontenilles-vtt.fr\/wp\/index.php?rest_route=\/wp\/v2\/tribe_events\/3825\/revisions"}],"predecessor-version":[{"id":3826,"href":"https:\/\/fontenilles-vtt.fr\/wp\/index.php?rest_route=\/wp\/v2\/tribe_events\/3825\/revisions\/3826"}],"wp:attachment":[{"href":"https:\/\/fontenilles-vtt.fr\/wp\/index.php?rest_route=%2Fwp%2Fv2%2Fmedia&parent=3825"}],"wp:term":[{"taxonomy":"post_tag","embeddable":true,"href":"https:\/\/fontenilles-vtt.fr\/wp\/index.php?rest_route=%2Fwp%2Fv2%2Ftags&post=3825"},{"taxonomy":"tribe_events_cat","embeddable":true,"href":"https:\/\/fontenilles-vtt.fr\/wp\/index.php?rest_route=%2Fwp%2Fv2%2Ftribe_events_cat&post=3825"}],"curies":[{"name":"wp","href":"https:\/\/api.w.org\/{rel}","templated":true}]}}

15ième Côtes Gasconnes

<p>Plus d&rsquo;infos à venir</p>
