{"id":4031,"date":"2019-10-20T14:55:11","date_gmt":"2019-10-20T12:55:11","guid":{"rendered":"https:\/\/fontenilles-vtt.fr\/wp\/?post_type=tribe_events&#038;p=4031"},"modified":"2019-10-20T14:55:11","modified_gmt":"2019-10-20T12:55:11","slug":"sortie-telethon-du-30-novembre","status":"publish","type":"tribe_events","link":"https:\/\/fontenilles-vtt.fr\/wp\/?tribe_events=sortie-telethon-du-30-novembre","title":{"rendered":"Sortie T\u00e9l\u00e9thon du 30 novembre"},"content":{"rendered":"<p>Fontenilles VTT organise une sortie VTT accompagn\u00e9e en nocturne le 30 novembre dans le cadre de la journ\u00e9e du T\u00e9l\u00e9thon de Fontenilles.<\/p>\n<p>Parcours pr\u00e9vu : 20 km<\/p>\n<p>Rendez-vous \u00e0 partir de 19h \u00e0 la mairie de Fontenilles avec VTT, casque et lumi\u00e8re<\/p>\n","protected":false},"excerpt":{"rendered":"<p>Fontenilles VTT organise une sortie VTT accompagn\u00e9e en nocturne le 30 novembre dans le cadre de la journ\u00e9e du T\u00e9l\u00e9thon de Fontenilles. Parcours pr\u00e9vu : 20 km Rendez-vous \u00e0 partir&#8230; <\/p>\n<div class=\"read-more\"><a href=\"https:\/\/fontenilles-vtt.fr\/wp\/?tribe_events=sortie-telethon-du-30-novembre\">Lire la suite<\/a><\/div>\n","protected":false},"author":1,"featured_media":0,"comment_status":"open","ping_status":"closed","template":"","meta":{"om_disable_all_campaigns":false,"_monsterinsights_skip_tracking":false,"_monsterinsights_sitenote_active":false,"_monsterinsights_sitenote_note":"","_monsterinsights_sitenote_category":0,"ngg_post_thumbnail":0,"jetpack_post_was_ever_published":false,"_tribe_events_status":"","_tribe_events_status_reason":"","footnotes":""},"tags":[],"tribe_events_cat":[],"aioseo_notices":[],"jetpack_sharing_enabled":true,"post_mailing_queue_ids":[],"_links":{"self":[{"href":"https:\/\/fontenilles-vtt.fr\/wp\/index.php?rest_route=\/wp\/v2\/tribe_events\/4031"}],"collection":[{"href":"https:\/\/fontenilles-vtt.fr\/wp\/index.php?rest_route=\/wp\/v2\/tribe_events"}],"about":[{"href":"https:\/\/fontenilles-vtt.fr\/wp\/index.php?rest_route=\/wp\/v2\/types\/tribe_events"}],"author":[{"embeddable":true,"href":"https:\/\/fontenilles-vtt.fr\/wp\/index.php?rest_route=\/wp\/v2\/users\/1"}],"replies":[{"embeddable":true,"href":"https:\/\/fontenilles-vtt.fr\/wp\/index.php?rest_route=%2Fwp%2Fv2%2Fcomments&post=4031"}],"version-history":[{"count":1,"href":"https:\/\/fontenilles-vtt.fr\/wp\/index.php?rest_route=\/wp\/v2\/tribe_events\/4031\/revisions"}],"predecessor-version":[{"id":4032,"href":"https:\/\/fontenilles-vtt.fr\/wp\/index.php?rest_route=\/wp\/v2\/tribe_events\/4031\/revisions\/4032"}],"wp:attachment":[{"href":"https:\/\/fontenilles-vtt.fr\/wp\/index.php?rest_route=%2Fwp%2Fv2%2Fmedia&parent=4031"}],"wp:term":[{"taxonomy":"post_tag","embeddable":true,"href":"https:\/\/fontenilles-vtt.fr\/wp\/index.php?rest_route=%2Fwp%2Fv2%2Ftags&post=4031"},{"taxonomy":"tribe_events_cat","embeddable":true,"href":"https:\/\/fontenilles-vtt.fr\/wp\/index.php?rest_route=%2Fwp%2Fv2%2Ftribe_events_cat&post=4031"}],"curies":[{"name":"wp","href":"https:\/\/api.w.org\/{rel}","templated":true}]}}

Sortie Téléthon du 30 novembre

<p>Fontenilles VTT organise une sortie VTT accompagnée en nocturne le 30 novembre dans le cadre de la journée du Téléthon de Fontenilles.</p>
<p>Parcours prévu : 20 km</p>
<p>Rendez-vous à partir de 19h à la mairie de Fontenilles avec VTT, casque et lumière</p>

<p>Fontenilles VTT organise une sortie VTT accompagnée en nocturne le 30 novembre dans le cadre de la journée du Téléthon de Fontenilles. Parcours prévu : 20 km Rendez-vous à partir&#8230; </p>
<div class="read-more"><a href="https://fontenilles-vtt.fr/wp/?tribe_events=sortie-telethon-du-30-novembre">Lire la suite</a></div>
