{"id":4820,"date":"2021-11-21T18:54:08","date_gmt":"2021-11-21T17:54:08","guid":{"rendered":"https:\/\/fontenilles-vtt.fr\/wp\/?post_type=tribe_events&#038;p=4820"},"modified":"2021-11-21T18:54:08","modified_gmt":"2021-11-21T17:54:08","slug":"sortie-nocturne-vtt-telethon-2021","status":"publish","type":"tribe_events","link":"https:\/\/fontenilles-vtt.fr\/wp\/?tribe_events=sortie-nocturne-vtt-telethon-2021","title":{"rendered":"Sortie nocturne VTT T\u00e9l\u00e9thon 2021"},"content":{"rendered":"<p>Dans le cadre du t\u00e9l\u00e9thon, nous organisons en collaboration avec Rando L\u00e9guevin une sortie VTT nocturne et group\u00e9e (encadr\u00e9e par les membres du club). Le parcours ira vers Bouconne et sera d&rsquo;environ 20km. S&rsquo;il faut le rappeler, pr\u00e9voyez vos \u00e9clairages, un v\u00eatement\/gilet de signalisation et une VTT en bon \u00e9tat de marche. Le rendez vous est donn\u00e9e \u00e0 20h au parking en face du cinema le TEMPO \u00e0 L\u00e9guevin. Cotisation 5\u20ac ou plus enti\u00e8rement revers\u00e9s au t\u00e9l\u00e9thon.<\/p>\n<p><a href=\"https:\/\/i0.wp.com\/fontenilles-vtt.fr\/wp\/wp-content\/uploads\/2021\/11\/77214257_2689886404380678_1333470243124674560_n.jpg?ssl=1\"><img data-recalc-dims=\"1\" loading=\"lazy\" decoding=\"async\" data-attachment-id=\"4821\" data-permalink=\"https:\/\/fontenilles-vtt.fr\/wp\/?attachment_id=4821\" data-orig-file=\"https:\/\/i0.wp.com\/fontenilles-vtt.fr\/wp\/wp-content\/uploads\/2021\/11\/77214257_2689886404380678_1333470243124674560_n.jpg?fit=960%2C577&amp;ssl=1\" data-orig-size=\"960,577\" data-comments-opened=\"1\" data-image-meta=\"{&quot;aperture&quot;:&quot;0&quot;,&quot;credit&quot;:&quot;&quot;,&quot;camera&quot;:&quot;&quot;,&quot;caption&quot;:&quot;&quot;,&quot;created_timestamp&quot;:&quot;1637520310&quot;,&quot;copyright&quot;:&quot;&quot;,&quot;focal_length&quot;:&quot;0&quot;,&quot;iso&quot;:&quot;0&quot;,&quot;shutter_speed&quot;:&quot;0&quot;,&quot;title&quot;:&quot;&quot;,&quot;orientation&quot;:&quot;1&quot;}\" data-image-title=\"77214257_2689886404380678_1333470243124674560_n\" data-image-description=\"\" data-image-caption=\"\" data-medium-file=\"https:\/\/i0.wp.com\/fontenilles-vtt.fr\/wp\/wp-content\/uploads\/2021\/11\/77214257_2689886404380678_1333470243124674560_n.jpg?fit=300%2C180&amp;ssl=1\" data-large-file=\"https:\/\/i0.wp.com\/fontenilles-vtt.fr\/wp\/wp-content\/uploads\/2021\/11\/77214257_2689886404380678_1333470243124674560_n.jpg?fit=590%2C355&amp;ssl=1\" class=\"aligncenter size-full wp-image-4821\" src=\"https:\/\/i0.wp.com\/fontenilles-vtt.fr\/wp\/wp-content\/uploads\/2021\/11\/77214257_2689886404380678_1333470243124674560_n.jpg?resize=590%2C355&#038;ssl=1\" alt=\"\" width=\"590\" height=\"355\" srcset=\"https:\/\/i0.wp.com\/fontenilles-vtt.fr\/wp\/wp-content\/uploads\/2021\/11\/77214257_2689886404380678_1333470243124674560_n.jpg?w=960&amp;ssl=1 960w, https:\/\/i0.wp.com\/fontenilles-vtt.fr\/wp\/wp-content\/uploads\/2021\/11\/77214257_2689886404380678_1333470243124674560_n.jpg?resize=300%2C180&amp;ssl=1 300w, https:\/\/i0.wp.com\/fontenilles-vtt.fr\/wp\/wp-content\/uploads\/2021\/11\/77214257_2689886404380678_1333470243124674560_n.jpg?resize=768%2C462&amp;ssl=1 768w\" sizes=\"(max-width: 590px) 100vw, 590px\" \/><\/a><\/p>\n","protected":false},"excerpt":{"rendered":"<p>Dans le cadre du t\u00e9l\u00e9thon, nous organisons en collaboration avec Rando L\u00e9guevin une sortie VTT nocturne et group\u00e9e (encadr\u00e9e par les membres du club). Le parcours ira vers Bouconne et&#8230; <\/p>\n<div class=\"read-more\"><a href=\"https:\/\/fontenilles-vtt.fr\/wp\/?tribe_events=sortie-nocturne-vtt-telethon-2021\">Lire la suite<\/a><\/div>\n","protected":false},"author":1,"featured_media":0,"comment_status":"open","ping_status":"closed","template":"","meta":{"om_disable_all_campaigns":false,"_monsterinsights_skip_tracking":false,"_monsterinsights_sitenote_active":false,"_monsterinsights_sitenote_note":"","_monsterinsights_sitenote_category":0,"ngg_post_thumbnail":0,"jetpack_post_was_ever_published":false,"_tribe_events_status":"","_tribe_events_status_reason":"","footnotes":""},"tags":[],"tribe_events_cat":[],"aioseo_notices":[],"jetpack_sharing_enabled":true,"post_mailing_queue_ids":[],"_links":{"self":[{"href":"https:\/\/fontenilles-vtt.fr\/wp\/index.php?rest_route=\/wp\/v2\/tribe_events\/4820"}],"collection":[{"href":"https:\/\/fontenilles-vtt.fr\/wp\/index.php?rest_route=\/wp\/v2\/tribe_events"}],"about":[{"href":"https:\/\/fontenilles-vtt.fr\/wp\/index.php?rest_route=\/wp\/v2\/types\/tribe_events"}],"author":[{"embeddable":true,"href":"https:\/\/fontenilles-vtt.fr\/wp\/index.php?rest_route=\/wp\/v2\/users\/1"}],"replies":[{"embeddable":true,"href":"https:\/\/fontenilles-vtt.fr\/wp\/index.php?rest_route=%2Fwp%2Fv2%2Fcomments&post=4820"}],"version-history":[{"count":1,"href":"https:\/\/fontenilles-vtt.fr\/wp\/index.php?rest_route=\/wp\/v2\/tribe_events\/4820\/revisions"}],"predecessor-version":[{"id":4822,"href":"https:\/\/fontenilles-vtt.fr\/wp\/index.php?rest_route=\/wp\/v2\/tribe_events\/4820\/revisions\/4822"}],"wp:attachment":[{"href":"https:\/\/fontenilles-vtt.fr\/wp\/index.php?rest_route=%2Fwp%2Fv2%2Fmedia&parent=4820"}],"wp:term":[{"taxonomy":"post_tag","embeddable":true,"href":"https:\/\/fontenilles-vtt.fr\/wp\/index.php?rest_route=%2Fwp%2Fv2%2Ftags&post=4820"},{"taxonomy":"tribe_events_cat","embeddable":true,"href":"https:\/\/fontenilles-vtt.fr\/wp\/index.php?rest_route=%2Fwp%2Fv2%2Ftribe_events_cat&post=4820"}],"curies":[{"name":"wp","href":"https:\/\/api.w.org\/{rel}","templated":true}]}}

Sortie nocturne VTT Téléthon 2021

<p>Dans le cadre du téléthon, nous organisons en collaboration avec Rando Léguevin une sortie VTT nocturne et groupée (encadrée par les membres du club). Le parcours ira vers Bouconne et sera d&rsquo;environ 20km. S&rsquo;il faut le rappeler, prévoyez vos éclairages, un vêtement/gilet de signalisation et une VTT en bon état de marche. Le rendez vous est donnée à 20h au parking en face du cinema le TEMPO à Léguevin. Cotisation 5€ ou plus entièrement reversés au téléthon.</p>
<p><a href="https://i0.wp.com/fontenilles-vtt.fr/wp/wp-content/uploads/2021/11/77214257_2689886404380678_1333470243124674560_n.jpg?ssl=1"><img data-recalc-dims="1" loading="lazy" decoding="async" data-attachment-id="4821" data-permalink="https://fontenilles-vtt.fr/wp/?attachment_id=4821" data-orig-file="https://i0.wp.com/fontenilles-vtt.fr/wp/wp-content/uploads/2021/11/77214257_2689886404380678_1333470243124674560_n.jpg?fit=960%2C577&amp;ssl=1" data-orig-size="960,577" data-comments-opened="1" data-image-meta="{&quot;aperture&quot;:&quot;0&quot;,&quot;credit&quot;:&quot;&quot;,&quot;camera&quot;:&quot;&quot;,&quot;caption&quot;:&quot;&quot;,&quot;created_timestamp&quot;:&quot;1637520310&quot;,&quot;copyright&quot;:&quot;&quot;,&quot;focal_length&quot;:&quot;0&quot;,&quot;iso&quot;:&quot;0&quot;,&quot;shutter_speed&quot;:&quot;0&quot;,&quot;title&quot;:&quot;&quot;,&quot;orientation&quot;:&quot;1&quot;}" data-image-title="77214257_2689886404380678_1333470243124674560_n" data-image-description="" data-image-caption="" data-medium-file="https://i0.wp.com/fontenilles-vtt.fr/wp/wp-content/uploads/2021/11/77214257_2689886404380678_1333470243124674560_n.jpg?fit=300%2C180&amp;ssl=1" data-large-file="https://i0.wp.com/fontenilles-vtt.fr/wp/wp-content/uploads/2021/11/77214257_2689886404380678_1333470243124674560_n.jpg?fit=590%2C355&amp;ssl=1" class="aligncenter size-full wp-image-4821" src="https://i0.wp.com/fontenilles-vtt.fr/wp/wp-content/uploads/2021/11/77214257_2689886404380678_1333470243124674560_n.jpg?resize=590%2C355&#038;ssl=1" alt="" width="590" height="355" srcset="https://i0.wp.com/fontenilles-vtt.fr/wp/wp-content/uploads/2021/11/77214257_2689886404380678_1333470243124674560_n.jpg?w=960&amp;ssl=1 960w, https://i0.wp.com/fontenilles-vtt.fr/wp/wp-content/uploads/2021/11/77214257_2689886404380678_1333470243124674560_n.jpg?resize=300%2C180&amp;ssl=1 300w, https://i0.wp.com/fontenilles-vtt.fr/wp/wp-content/uploads/2021/11/77214257_2689886404380678_1333470243124674560_n.jpg?resize=768%2C462&amp;ssl=1 768w" sizes="(max-width: 590px) 100vw, 590px" /></a></p>

<p>Dans le cadre du téléthon, nous organisons en collaboration avec Rando Léguevin une sortie VTT nocturne et groupée (encadrée par les membres du club). Le parcours ira vers Bouconne et&#8230; </p>
<div class="read-more"><a href="https://fontenilles-vtt.fr/wp/?tribe_events=sortie-nocturne-vtt-telethon-2021">Lire la suite</a></div>
